ppose -5*j + 51625 = 5*m, j - 2*m - 7577 = 2748. What is the tens digit of j?
2
Let j(w) be the third derivative of -7*w**4/24 - 7*w**3/6 - 59*w**2. What is the tens digit of j(-4)?
2
What is the thousands digit of (-1 - (-7 - 97279))*3/15?
9
Let p(h) be the third derivative of 1/6*h**3 - 1/12*h**4 + 3/20*h**5 + 4*h**2 + 1/120*h**6 + 0 + 0*h. What is the tens digit of p(-8)?
8
Let q(p) = 431*p**2 - 7. Let u be q(-2). Let g = u + -968. What is the hundreds digit of g?
7
Let r(l) = l**3 + 4*l**2 - 3*l + 3. Let s be r(-5). Let h(t) = -11*t**2 - 2*t - 6. Let m be h(5). What is the units digit of m/s - (-24)/56?
2
Let x = -1380 - -3091. Suppose 8*z - x = 1889. Suppose 29*g - 23*g = z. What is the tens digit of g?
7
Suppose 3*m = 4*b + 6*m - 20, 2*b + m = 8. Let t be b/3*(-42)/(-7). Suppose 0 = 4*q - 5*f - 361, -4*f + 2*f - 346 = -t*q. What is the units digit of q?
4
Let u(f) be the second derivative of 9*f**3 - 10*f + 19*f**3 - 2*f**2 - 29*f**3. What is the units digit of u(-1)?
2
Let m = 935 - -12. Suppose m = -4*n + 27. What is the tens digit of (n/4)/((-7)/14)?
1
Suppose -19*o = -23 + 289. What is the tens digit of (o/42)/(3/(-1323))?
4
Suppose 0 = -2*j + 4*g + 3194, 5*j - g - 9870 = -1894. What is the hundreds digit of j?
5
Suppose 0 = -z - b - 8, -1 + 13 = -4*b. Let v(h) = -2*h + 7. What is the units digit of v(z)?
7
Let z be (-752)/22 + 2/11. Suppose -3*i + 7*y - 6*y = -1060, -1064 = -3*i + 2*y. What is the tens digit of i/(-110)*(z + 1*-1)?
1
Suppose -4*b + 4189 + 5195 = -2*d, -d = 3*b - 7048. What is the thousands digit of b?
2
Suppose -15*y + 12*y - 3 = 0, -r = 3*y + 364. Let i = 1050 + r. What is the tens digit of i?
8
Suppose 4*c - 415 = 5*n + 5, -16 = 4*n. Suppose 94*l = c*l - 2220. What is the units digit of l?
0
Let a(x) = -2*x**3 + 3*x - 16. Let h be a(3). Let f = -54 - h. Suppose -4*j - 186 = -f*j. What is the units digit of j?
2
Suppose 5*m = 4*t - 4739, -m + 1664 = 2*t - 723. What is the thousands digit of t?
1
Suppose 4*o - 477 + 501 = 0, 4*a + o = 46266. What is the hundreds digit of a?
5
Let w = -34 + -11. Let t = w - -47. What is the tens digit of (t/(-4))/((-2 - 0)/132)?
3
Suppose -153*g = -183*g + 665310. What is the tens digit of g?
7
Let j be (-72)/(-126) - (-11)/(-7). Let u be 2 + j + 107 + -1. Let a = -74 + u. What is the tens digit of a?
3
Let b be -1*8/((-16)/(-62)). Let w = 1076 - b. What is the thousands digit of w?
1
Suppose 0 = 2*v - 10 + 98. What is the units digit of (-1 - -2)*6/2 - v?
7
Suppose -21*k - 41865 = -26*k + 5*f, 0 = 2*f - 4. What is the thousands digit of k?
8
Suppose -4*y + 48786 = -2*p, 16*y + 60985 = 21*y - 3*p. What is the ten thousands digit of y?
1
Let l = -12769 - -16417. What is the units digit of l?
8
Suppose -44*a + 2*v + 62830 = -41*a, -a + 20949 = 5*v. What is the units digit of a?
4
Suppose -s + 164 = s. Let k be -5*s/6*-3. What is the units digit of k/40 + (-2)/16?
5
Let d be 28/(-5) - 129/(-215). Let a(o) = -8*o**3 - 16*o**2 - 30*o. What is the units digit of a(d)?
0
Let n(w) = 3007*w**3 + 12*w**2 - 91*w + 267. What is the thousands digit of n(3)?
1
Suppose -5*z - 228 = 3*u, 5*u = -z - 377 - 25. What is the units digit of u/9 + 6 - (0 - 71)?
8
Let j be 17/(1547/178374) + 4/(-26). Suppose 1965*y = j*y + 8370. What is the hundreds digit of y?
6
What is the ten thousands digit of (-623682)/(-54) - (44/12 + -5)?
1
Let b(d) = -2*d**3 + 12*d**2 - 6*d + 39. Let g be b(6). Suppose s + 5 = 3, g*i - 3254 = 4*s. What is the hundreds digit of i?
0
Let s(n) = -15*n - 80. Let i be s(-21). Let x = i - 13. What is the units digit of x?
2
Suppose 278 = -3*b - 2*j, 0 = -3*b + 3*j - 236 - 37. Let f = b + 23. Let v = -67 - f. What is the units digit of v?
2
Suppose 0 = 5*s + s - 14976. Suppose -s = -7*g - 6*g. What is the hundreds digit of g?
1
Suppose -5*s - 5 = 20, s + 53 = -2*t. What is the hundreds digit of 4203/15*(-80)/t?
9
Let f(b) = -11*b - 5. Let v be f(-6). Let c(l) = 48*l + 737. Let q be c(-16). Let i = q + v. What is the tens digit of i?
3
Let h(l) = -11*l**3 + 13*l**2 + 71*l + 42. What is the tens digit of h(-7)?
5
What is the hundreds digit of (-72)/(-36) + 709*(2 - -12)?
9
Suppose 2*r - 8 + 2 = 0. Let o be (3572/95)/(6/15). What is the tens digit of o - (-1)/(r/9)?
9
Suppose -50*w = -52*w - 5*m + 84707, -6*m - 127020 = -3*w. What is the units digit of w?
6
Let i(o) = 207*o + 156. Let f be i(-16). What is the units digit of 11/(22/(-5))*f/5?
8
What is the hundreds digit of 22/143 + 400132/52 + 5 + -2?
6
Let a = -464 + 471. Let d(j) = 4*j**3 + 8*j**2 + 16*j - 57. What is the thousands digit of d(a)?
1
Let r(x) = 3*x + 125. Let j be r(-40). Suppose 0 = 2*f + 4, -45*w + 41*w = j*f - 2750. What is the units digit of w?
0
Suppose -n = -3*z - 13071, -46*n = -50*n + 4*z + 52300. What is the hundreds digit of n?
0
Suppose 3*a = -0*a + 6. Suppose -a*r - 200 = 6*r. What is the hundreds digit of (-627)/(-5) + 5/(r/2)?
1
Let j(l) = -506*l - 1599. What is the thousands digit of j(-7)?
1
Suppose b - 9555 = 5*i, 2*i - 3*b + 3433 = -376. Let v = -855 - i. What is the tens digit of v?
5
Suppose 4*g = -5*a - 1117 + 15933, 11112 = 3*g + 4*a. What is the units digit of g?
4
Let u be -309 - (3 + -3 + -3) - 2. What is the units digit of -7 + 2 - 1*u?
3
What is the tens digit of 1237296/(-745)*(-3)/(9/80)?
8
Let o(k) = 166*k + 32*k**2 - 7*k**2 + 3 - 153*k. What is the hundreds digit of o(-4)?
3
Suppose 5*j + 0*u - 2031 = 2*u, 2025 = 5*j - 5*u. What is the units digit of j?
7
Let q = -98 - -155. Suppose q*i - 531 = 56*i. Suppose 10*b + i - 2891 = 0. What is the tens digit of b?
3
Let u be ((-24)/(-9) + -2)*(4 + -1). Suppose u*j - 177 + 61 = 0. Suppose l - j = 3*b, 8 = l + b - 38. What is the units digit of l?
9
Let m(y) = -y**3 + 4*y**2 + 5*y - 21. Let l be m(3). What is the hundreds digit of l/1 - ((-6)/3 - 199)?
2
Let g = -1266 + 701. Let o = -304 - g. What is the units digit of o?
1
Suppose -2*q + 1644 = 5*g - 3785, 5*g = 3*q + 5419. Suppose -2*o - 193 = -g. What is the units digit of o?
6
Suppose -1189 = -3*i + 39*n - 38*n, 4*n - 418 = -i. What is the units digit of i?
8
Let c(r) = r**2 + 3*r + 20. Let k be c(-5). What is the tens digit of 2*(-215)/k*-21?
0
Suppose 2*w - 1006 = -2*n + 6*n, 5*w + 2*n = 2575. Suppose 3*t + 3*p = w, -2*t + 339 = -0*t + 3*p. What is the tens digit of t?
7
Let f(r) = 1552*r + 2578. What is the thousands digit of f(8)?
4
Let r = 35466 + -13897. What is the tens digit of r?
6
Suppose -19375*z = -19366*z + 36. Let t = -4 - 24. What is the tens digit of 442/7 - z/t?
6
Let v(f) = -6*f - 38*f**2 + f + 18*f + 87*f**2. Let w = 9 - 11. What is the tens digit of v(w)?
7
Let z = 21 - -11. Let t = 9 - z. What is the tens digit of t/138 - (-1178)/12?
9
Let r be -1 + 7 + -4 - (2 - 0). Suppose r = j - 3*w - 569, 0 = 3*j + 47*w - 48*w - 1747. What is the hundreds digit of j?
5
Let j(f) = -2 - 1 - 4 - f**3 + 3*f**3 - 8*f**2. Let m(y) = y**3 + 5*y**2 + 3*y - 3. Let g be m(-3). What is the hundreds digit of j(g)?
1
Suppose -176 = 6*q + 214. Let i = q + 64. What is the hundreds digit of -3 - (-12 + 7) - (i + -196)?
1
Suppose -3*n + 2*n = -4*r + 99, n - r = -108. Let t = 365 - 179. Let o = t + n. What is the units digit of o?
5
Let f(h) = h**3 - 108*h**2 + 428*h + 22. What is the ten thousands digit of f(105)?
1
Suppose 6*h - o = 8*h - 14740, 36847 = 5*h + 3*o. What is the units digit of h?
3
Suppose 0 = -3*p + 4*o + 78115, -1836*p = -1835*p + o - 26057. What is the hundreds digit of p?
0
Let z(h) = 4*h**2 + 2 - 9*h - 4 + 4 + h**3 - 3. Let w be z(-5). Suppose w*l = 1003 + 2360. What is the hundreds digit of l?
1
Suppose -3*x = 2*x + 1730. What is the tens digit of (x/(-6) - -1)/((-46)/(-138))?
7
Let b(t) = -2*t**2 + 17*t - 3. Let p be b(7). Suppose -14*y = -p*y + 20. Suppose -y*c = 4*r - 440, 0 = -2*c - c + 5*r + 264. What is the units digit of c?
8
Let i = 32 + -29. Suppose -43 = -i*o + 23. Suppose -j + o + 51 = 0. What is the tens digit of j?
7
Let t = 197 - 212. What is the units digit of 3/5*89 - (-6)/t?
3
Let r(l) = -523*l**3 + 2*l**2 - l - 2. Let n(j) = 2*j**3 - 7*j**2 + 2*j + 2. Let q be n(3). What is the units digit of r(q)?
4
What is the tens digit of -4 + ((-1009628)/(-20) - 35*(-8)/(-200))?
7
Let t(y) = -266*y + 1414. What is the hundreds digit of t(-8)?
5
Suppose 1930901 = 4334*c - 4287*